{"id":2,"date":"2025-01-11T15:48:10","date_gmt":"2025-01-11T15:48:10","guid":{"rendered":"https:\/\/qrmenu.websaytlar.az\/numune-restoran\/?page_id=2"},"modified":"2025-01-27T11:53:58","modified_gmt":"2025-01-27T11:53:58","slug":"esas-s%c9%99hif%c9%99","status":"publish","type":"page","link":"https:\/\/qrmenu.websaytlar.az\/numune-restoran\/","title":{"rendered":"\u018fsas S\u0259hif\u0259"},"content":{"rendered":"<section class=\"resto-menu-style-1 elegance-section\"><div class=\"container\"><div class=\"elegance-section-header\"><h2 class=\"elegance-heading\">Dizayn 1<\/h2><p><\/p><\/div><div class=\"elegance-row\"><div class=\"elegance-col-6\"><div class=\"elegance-menu-item\"><div class=\"elegance-menu-header\"><div class=\"food-name\"><h3>S\u0259h\u0259r yem\u0259yi 2 n\u0259f\u0259rlik<\/h3><\/div><div class=\"food-price\">$12.00<\/div><\/div><div class=\"elegance-menu-body\"><div class=\"food-img\"><img loading=\"lazy\" decoding=\"async\" src=\"https:\/\/qrmenu.websaytlar.az\/numune-restoran\/wp-content\/uploads\/sites\/2\/2025\/01\/png-clipart-azul-hotel-restaurant-business-breakfast-food-business-food-text-thumbnail.png\" width=\"150\" height=\"150\" alt=\"QR Menyu \u015e\u0259kil Haqq\u0131nda Q\u0131sa M\u0259lumat\"><\/div><p class=\"food-description\"><\/p><\/div><\/div><\/div><div class=\"elegance-col-6\"><div class=\"elegance-menu-item\"><div class=\"elegance-menu-header\"><div class=\"food-name\"><h3>Toyuq kabab\u0131<\/h3><\/div><div class=\"food-price\">$500.00<\/div><\/div><div class=\"elegance-menu-body\"><div class=\"food-img\"><img loading=\"lazy\" decoding=\"async\" src=\"https:\/\/qrmenu.websaytlar.az\/numune-restoran\/wp-content\/uploads\/sites\/2\/2025\/01\/lule-kabab-ahmetci-set-1.jpg\" width=\"150\" height=\"150\" alt=\"QR Menyu \u015e\u0259kil Haqq\u0131nda Q\u0131sa M\u0259lumat\"><\/div><p class=\"food-description\"><\/p><\/div><\/div><\/div><div class=\"elegance-col-6\"><div class=\"elegance-menu-item\"><div class=\"elegance-menu-header\"><div class=\"food-name\"><h3>Kabab seti<\/h3><\/div><div class=\"food-price\">$15.00<\/div><\/div><div class=\"elegance-menu-body\"><div class=\"food-img\"><img loading=\"lazy\" decoding=\"async\" src=\"https:\/\/qrmenu.websaytlar.az\/numune-restoran\/wp-content\/uploads\/sites\/2\/2025\/01\/lule-kabab-ahmetci-set-1.jpg\" width=\"150\" height=\"150\" alt=\"QR Menyu \u015e\u0259kil Haqq\u0131nda Q\u0131sa M\u0259lumat\"><\/div><p class=\"food-description\">kvkfmvkfmvkfmvkfmkvfmk mkfm fk<\/p><\/div><\/div><\/div><\/div><\/div><\/section><script type=\"text\/javascript\">\n                jQuery(document).ready(function() {\n\n                    jQuery(\"ul.elegance-tabs_18 li\").click(function(){\n                        var tab_id = jQuery(this).attr(\"data-tab\");\n\n                        jQuery(\"ul.elegance-tabs_18 li\").removeClass(\"current\");\n                        jQuery(\".elegance-tab-content_18\").removeClass(\"current\");\n\n                        jQuery(this).addClass(\"current\");\n                        jQuery(\"#\"+tab_id).addClass(\"current\");\n                    });\n\n                });\n            <\/script>\n\n\n<section class=\"resto-menu-style-2 elegance-section\"><div class=\"container\"><div class=\"elegance-section-header\"><h2 class=\"elegance-heading\">Dizayn 2<\/h2><\/div><div class=\"elegance-row\"><div class=\"elegance-col-12\"><div class=\"elegance-menu-item\"><div class=\"elegance-menu-header\"><div class=\"food-name\"><h3>S\u0259h\u0259r yem\u0259yi 2 n\u0259f\u0259rlik<\/h3><\/div><div class=\"elegance-divider\"><\/div><div class=\"food-price\">$12.00<\/div><\/div><div class=\"elegance-menu-body\"><p class=\"food-description\"><\/p><div class=\"add-more\"><a href=\"#\" title=\"Elegance Menu Title\">Bal, ya\u011f, x\u00fcsusi reseptl\u0259 bi\u015firilmi\u015f \u00e7\u00f6r\u0259k, x\u00fcsusi t\u0259rkibli karamel, menemen, t\u0259z\u0259 salat, t\u0259bii meyv\u0259l\u0259r<\/a><\/div><\/div><\/div><\/div><div class=\"elegance-col-12\"><div class=\"elegance-menu-item\"><div class=\"elegance-menu-header\"><div class=\"food-name\"><h3>Toyuq kabab\u0131<\/h3><\/div><div class=\"elegance-divider\"><\/div><div class=\"food-price\">$500.00<\/div><\/div><div class=\"elegance-menu-body\"><p class=\"food-description\"><\/p><\/div><\/div><\/div><div class=\"elegance-col-12\"><div class=\"elegance-menu-item\"><div class=\"elegance-menu-header\"><div class=\"food-name\"><h3>Kabab seti<\/h3><\/div><div class=\"elegance-divider\"><\/div><div class=\"food-price\">$15.00<\/div><\/div><div class=\"elegance-menu-body\"><p class=\"food-description\">kvkfmvkfmvkfmvkfmkvfmk mkfm fk<\/p><\/div><\/div><\/div><\/div><\/div><\/section><script type=\"text\/javascript\">\n                jQuery(document).ready(function() {\n\n                    jQuery(\"ul.elegance-tabs_19 li\").click(function(){\n                        var tab_id = jQuery(this).attr(\"data-tab\");\n\n                        jQuery(\"ul.elegance-tabs_19 li\").removeClass(\"current\");\n                        jQuery(\".elegance-tab-content_19\").removeClass(\"current\");\n\n                        jQuery(this).addClass(\"current\");\n                        jQuery(\"#\"+tab_id).addClass(\"current\");\n                    });\n\n                });\n            <\/script>\n\n\n<section class=\"resto-menu-style-3 elegance-section\"><div class=\"container\"><div class=\"elegance-section-header\"><h2 class=\"elegance-heading\">Dizayn 3<\/h2><\/div><div class=\"elegance-tabi-view\"><ul class=\"elegance-tabs  elegance-tabs_20\"><li class=\"current\" data-tab=\"elegance-menu-tab-20_1\"><span class=\"elegance-tab-text\">Kabablar<\/span><\/li><li class=\"\" data-tab=\"elegance-menu-tab-20_2\"><span class=\"elegance-tab-text\">S\u0259h\u0259r Yem\u0259kl\u0259ri<\/span><\/li><\/ul><div class=\"elegance-tab-content current elegance-tab-content_20\" id=\"elegance-menu-tab-20_1\"><div class=\"elegance-row\"><div class=\"elegance-col-6\"><div class=\"elegance-menu-item\"><div class=\"food-img\"><img loading=\"lazy\" decoding=\"async\" src=\"https:\/\/qrmenu.websaytlar.az\/numune-restoran\/wp-content\/uploads\/sites\/2\/2025\/01\/lule-kabab-ahmetci-set-1.jpg\" width=\"150\" height=\"150\" alt=\"QR Menyu \u015e\u0259kil Haqq\u0131nda Q\u0131sa M\u0259lumat\"><\/div><div class=\"elegance-menu-body\"><div class=\"elegance-menu-header\"><div class=\"food-name\"><h3>Toyuq kabab\u0131<\/h3><\/div><div class=\"food-price\">$500.00<\/div><\/div><p class=\"food-description\"><\/p><\/div><\/div><\/div><div class=\"elegance-col-6\"><div class=\"elegance-menu-item\"><div class=\"food-img\"><img loading=\"lazy\" decoding=\"async\" src=\"https:\/\/qrmenu.websaytlar.az\/numune-restoran\/wp-content\/uploads\/sites\/2\/2025\/01\/lule-kabab-ahmetci-set-1.jpg\" width=\"150\" height=\"150\" alt=\"QR Menyu \u015e\u0259kil Haqq\u0131nda Q\u0131sa M\u0259lumat\"><\/div><div class=\"elegance-menu-body\"><div class=\"elegance-menu-header\"><div class=\"food-name\"><h3>Kabab seti<\/h3><\/div><div class=\"food-price\">$15.00<\/div><\/div><p class=\"food-description\">kvkfmvkfmvkfmvkfmkvfmk mkfm fk<\/p><\/div><\/div><\/div><\/div><\/div><div class=\"elegance-tab-content  elegance-tab-content_20\" id=\"elegance-menu-tab-20_2\"><div class=\"elegance-row\"><div class=\"elegance-col-6\"><div class=\"elegance-menu-item\"><div class=\"food-img\"><img loading=\"lazy\" decoding=\"async\" src=\"https:\/\/qrmenu.websaytlar.az\/numune-restoran\/wp-content\/uploads\/sites\/2\/2025\/01\/png-clipart-azul-hotel-restaurant-business-breakfast-food-business-food-text-thumbnail.png\" width=\"150\" height=\"150\" alt=\"QR Menyu \u015e\u0259kil Haqq\u0131nda Q\u0131sa M\u0259lumat\"><\/div><div class=\"elegance-menu-body\"><div class=\"elegance-menu-header\"><div class=\"food-name\"><h3>S\u0259h\u0259r yem\u0259yi 2 n\u0259f\u0259rlik<\/h3><\/div><div class=\"food-price\">$12.00<\/div><\/div><p class=\"food-description\"><\/p><\/div><\/div><\/div><\/div><\/div><\/div><\/div><\/section><script type=\"text\/javascript\">\n                jQuery(document).ready(function() {\n\n                    jQuery(\"ul.elegance-tabs_20 li\").click(function(){\n                        var tab_id = jQuery(this).attr(\"data-tab\");\n\n                        jQuery(\"ul.elegance-tabs_20 li\").removeClass(\"current\");\n                        jQuery(\".elegance-tab-content_20\").removeClass(\"current\");\n\n                        jQuery(this).addClass(\"current\");\n                        jQuery(\"#\"+tab_id).addClass(\"current\");\n                    });\n\n                });\n            <\/script>\n\n\n<section class=\"resto-menu-style-4 elegance-section\"><div class=\"container\"><div class=\"elegance-section-header\"><h2 class=\"elegance-heading\">Dizayn 4<\/h2><p><\/p><\/div><div class=\"elegance-row\"> <div class=\"elegance-col-6\"><div class=\"elegance-menu-item\"><div class=\"elegance-menu-header\"><div class=\"food-name\"><h3>S\u0259h\u0259r yem\u0259yi 2 n\u0259f\u0259rlik<\/h3><\/div><div class=\"elegance-divider\"><\/div><div class=\"food-price\">$12.00<\/div><\/div><div class=\"elegance-menu-body\"><p class=\"food-description\"><\/p><\/div><\/div><\/div><div class=\"elegance-col-6\"><div class=\"elegance-menu-item\"><div class=\"elegance-menu-header\"><div class=\"food-name\"><h3>Toyuq kabab\u0131<\/h3><\/div><div class=\"elegance-divider\"><\/div><div class=\"food-price\">$500.00<\/div><\/div><div class=\"elegance-menu-body\"><p class=\"food-description\"><\/p><\/div><\/div><\/div><div class=\"elegance-col-6\"><div class=\"elegance-menu-item\"><div class=\"elegance-menu-header\"><div class=\"food-name\"><h3>Kabab seti<\/h3><\/div><div class=\"elegance-divider\"><\/div><div class=\"food-price\">$12.00<span class=\"food-old-price\">$15.00<\/span><\/div><\/div><div class=\"elegance-menu-body\"><p class=\"food-description\">kvkfmvkfmvkfmvkfmkvfmk mkfm fk<\/p><\/div><\/div><\/div><\/div><\/div><\/section><script type=\"text\/javascript\">\n                jQuery(document).ready(function() {\n\n                    jQuery(\"ul.elegance-tabs_50 li\").click(function(){\n                        var tab_id = jQuery(this).attr(\"data-tab\");\n\n                        jQuery(\"ul.elegance-tabs_50 li\").removeClass(\"current\");\n                        jQuery(\".elegance-tab-content_50\").removeClass(\"current\");\n\n                        jQuery(this).addClass(\"current\");\n                        jQuery(\"#\"+tab_id).addClass(\"current\");\n                    });\n\n                });\n            <\/script>\n\n\n<section class=\"resto-menu-style-5 elegance-section\"><div class=\"container\"><div class=\"elegance-section-header\"><h2 class=\"elegance-heading\">Dizayn 5<\/h2><p><\/p><\/div><div class=\"elegance-row\"> <div class=\"elegance-col-4\"><a href=\"#\" class=\"elegance-menu-item\"><div class=\"food-img\"><img loading=\"lazy\" decoding=\"async\" src=\"https:\/\/qrmenu.websaytlar.az\/numune-restoran\/wp-content\/uploads\/sites\/2\/2025\/01\/png-clipart-azul-hotel-restaurant-business-breakfast-food-business-food-text-thumbnail.png\" width=\"370\" height=\"435\" alt=\"QR Menyu \u015e\u0259kil Haqq\u0131nda Q\u0131sa M\u0259lumat\"><\/div><div class=\"elegance-menu-body\"><div class=\"food-price\"><span class=\"food-price\">$12.00<\/span><\/div><div class=\"food-name\"><h3>S\u0259h\u0259r yem\u0259yi 2 n\u0259f\u0259rlik<\/h3><\/div><p class=\"food-description\"><\/p><\/div><\/a><\/div><div class=\"elegance-col-4\"><a href=\"#\" class=\"elegance-menu-item\"><div class=\"food-img\"><img loading=\"lazy\" decoding=\"async\" src=\"https:\/\/qrmenu.websaytlar.az\/numune-restoran\/wp-content\/uploads\/sites\/2\/2025\/01\/lule-kabab-ahmetci-set-1.jpg\" width=\"370\" height=\"435\" alt=\"QR Menyu \u015e\u0259kil Haqq\u0131nda Q\u0131sa M\u0259lumat\"><\/div><div class=\"elegance-menu-body\"><div class=\"food-price\"><span class=\"food-price\">$500.00<\/span><\/div><div class=\"food-name\"><h3>Toyuq kabab\u0131<\/h3><\/div><p class=\"food-description\"><\/p><\/div><\/a><\/div><div class=\"elegance-col-4\"><a href=\"#\" class=\"elegance-menu-item\"><div class=\"food-img\"><img loading=\"lazy\" decoding=\"async\" src=\"https:\/\/qrmenu.websaytlar.az\/numune-restoran\/wp-content\/uploads\/sites\/2\/2025\/01\/lule-kabab-ahmetci-set-1.jpg\" width=\"370\" height=\"435\" alt=\"QR Menyu \u015e\u0259kil Haqq\u0131nda Q\u0131sa M\u0259lumat\"><\/div><div class=\"elegance-menu-body\"><div class=\"food-price\">$12.00<span class=\"food-old-price\">$15.00<\/span><\/div><div class=\"food-name\"><h3>Kabab seti<\/h3><\/div><p class=\"food-description\">kvkfmvkfmvkfmvkfmkvfmk mkfm fk<\/p><\/div><\/a><\/div><\/div><\/div><\/section><script type=\"text\/javascript\">\n                jQuery(document).ready(function() {\n\n                    jQuery(\"ul.elegance-tabs_21 li\").click(function(){\n                        var tab_id = jQuery(this).attr(\"data-tab\");\n\n                        jQuery(\"ul.elegance-tabs_21 li\").removeClass(\"current\");\n                        jQuery(\".elegance-tab-content_21\").removeClass(\"current\");\n\n                        jQuery(this).addClass(\"current\");\n                        jQuery(\"#\"+tab_id).addClass(\"current\");\n                    });\n\n                });\n            <\/script>\n\n\n\n<p><\/p>\n","protected":false},"excerpt":{"rendered":"","protected":false},"author":2,"featured_media":0,"parent":0,"menu_order":0,"comment_status":"closed","ping_status":"closed","template":"","meta":{"site-sidebar-layout":"default","site-content-layout":"","ast-site-content-layout":"","site-content-style":"default","site-sidebar-style":"default","ast-global-header-display":"","ast-banner-title-visibility":"","ast-main-header-display":"","ast-hfb-above-header-display":"","ast-hfb-below-header-display":"","ast-hfb-mobile-header-display":"","site-post-title":"disabled","ast-breadcrumbs-content":"","ast-featured-img":"","footer-sml-layout":"","theme-transparent-header-meta":"","adv-header-id-meta":"","stick-header-meta":"","header-above-stick-meta":"","header-main-stick-meta":"","header-below-stick-meta":"","astra-migrate-meta-layouts":"default","ast-page-background-enabled":"default","ast-page-background-meta":{"desktop":{"background-color":"var(--ast-global-color-5)","background-image":"","background-repeat":"repeat","background-position":"center center","background-size":"auto","background-attachment":"scroll","background-type":"","background-media":"","overlay-type":"","overlay-color":"","overlay-opacity":"","overlay-gradient":""},"tablet":{"background-color":"","background-image":"","background-repeat":"repeat","background-position":"center center","background-size":"auto","background-attachment":"scroll","background-type":"","background-media":"","overlay-type":"","overlay-color":"","overlay-opacity":"","overlay-gradient":""},"mobile":{"background-color":"","background-image":"","background-repeat":"repeat","background-position":"center center","background-size":"auto","background-attachment":"scroll","background-type":"","background-media":"","overlay-type":"","overlay-color":"","overlay-opacity":"","overlay-gradient":""}},"ast-content-background-meta":{"desktop":{"background-color":"var(--ast-global-color-4)","background-image":"","background-repeat":"repeat","background-position":"center center","background-size":"auto","background-attachment":"scroll","background-type":"","background-media":"","overlay-type":"","overlay-color":"","overlay-opacity":"","overlay-gradient":""},"tablet":{"background-color":"var(--ast-global-color-4)","background-image":"","background-repeat":"repeat","background-position":"center center","background-size":"auto","background-attachment":"scroll","background-type":"","background-media":"","overlay-type":"","overlay-color":"","overlay-opacity":"","overlay-gradient":""},"mobile":{"background-color":"var(--ast-global-color-4)","background-image":"","background-repeat":"repeat","background-position":"center center","background-size":"auto","background-attachment":"scroll","background-type":"","background-media":"","overlay-type":"","overlay-color":"","overlay-opacity":"","overlay-gradient":""}},"footnotes":""},"class_list":["post-2","page","type-page","status-publish","hentry"],"_links":{"self":[{"href":"https:\/\/qrmenu.websaytlar.az\/numune-restoran\/wp-json\/wp\/v2\/pages\/2","targetHints":{"allow":["GET"]}}],"collection":[{"href":"https:\/\/qrmenu.websaytlar.az\/numune-restoran\/wp-json\/wp\/v2\/pages"}],"about":[{"href":"https:\/\/qrmenu.websaytlar.az\/numune-restoran\/wp-json\/wp\/v2\/types\/page"}],"author":[{"embeddable":true,"href":"https:\/\/qrmenu.websaytlar.az\/numune-restoran\/wp-json\/wp\/v2\/users\/2"}],"replies":[{"embeddable":true,"href":"https:\/\/qrmenu.websaytlar.az\/numune-restoran\/wp-json\/wp\/v2\/comments?post=2"}],"version-history":[{"count":13,"href":"https:\/\/qrmenu.websaytlar.az\/numune-restoran\/wp-json\/wp\/v2\/pages\/2\/revisions"}],"predecessor-version":[{"id":66,"href":"https:\/\/qrmenu.websaytlar.az\/numune-restoran\/wp-json\/wp\/v2\/pages\/2\/revisions\/66"}],"wp:attachment":[{"href":"https:\/\/qrmenu.websaytlar.az\/numune-restoran\/wp-json\/wp\/v2\/media?parent=2"}],"curies":[{"name":"wp","href":"https:\/\/api.w.org\/{rel}","templated":true}]}}